
8263
List the prime factors of 2883.
3, 31
What are the prime factors of 914?
2, 457
List the prime factors of 15544.
2, 29, 67
List the prime factors of 4888.
2, 13, 47
List the prime factors of 103.
103
What are the prime factors of 8957?
13, 53
List the prime factors of 12758.
2, 6379
List the prime factors of 44182.
2, 22091
What are the prime factors of 109298?
2, 7, 37, 211
What are the prime factors of 26619?
3, 19, 467
What are the prime factors of 601?
601
List the prime factors of 102249.
3, 7, 541
What are the prime factors of 3828?
2, 3, 11, 29
What are the prime factors of 3674?
2, 11, 167
What are the prime factors of 4410?
2, 3, 5, 7
What are the prime factors of 3537?
3, 131
What are the prime factors of 830?
2, 5, 83
List the prime factors of 13619.
13619
List the prime factors of 6426.
2, 3, 7, 17
What are the prime factors of 3549?
3, 7, 13
List the prime factors of 2744.
2, 7
What are the prime factors of 14946?
2, 3, 47, 53
List the prime factors of 2331.
3, 7, 37
What are the prime factors of 195?
3, 5, 13
List the prime factors of 4881.
3, 1627
List the prime factors of 1508.
2, 13, 29
What are the prime factors of 1208?
2, 151
What are the prime factors of 74161?
74161
List the prime factors of 73719.
3, 8191
List the prime factors of 4017.
3, 13, 103
What are the prime factors of 29490?
2, 3, 5, 983
List the prime factors of 31195.
5, 17, 367
What are the prime factors of 182051?
307, 593
List the prime factors of 15569.
15569
List the prime factors of 1593.
3, 59
List the prime factors of 8330.
2, 5, 7, 17
List the prime factors of 6542.
2, 3271
What are the prime factors of 3812?
2, 953
What are the prime factors of 75?
3, 5
What are the prime factors of 73285?
5, 14657
What are the prime factors of 12568?
2, 1571
What are the prime factors of 21301?
7, 17, 179
List the prime factors of 2198.
2, 7, 157
What are the prime factors of 7447?
11, 677
List the prime factors of 20703.
3, 67, 103
List the prime factors of 152949.
3, 17, 2999
What are the prime factors of 764?
2, 191
What are the prime factors of 3106?
2, 1553
List the prime factors of 523.
523
List the prime factors of 45385.
5, 29, 313
List the prime factors of 2050.
2, 5, 41
List the prime factors of 6547.
6547
List the prime factors of 8866.
2, 11, 13, 31
List the prime factors of 92859.
3, 13, 2381
List the prime factors of 733.
733
List the prime factors of 80029.
191, 419
What are the prime factors of 34178?
2, 23, 743
What are the prime factors of 51229?
51229
What are the prime factors of 18152?
2, 2269
What are the prime factors of 2223?
3, 13, 19
What are the prime factors of 7286?
2, 3643
List the prime factors of 4409.
4409
What are the prime factors of 111443?
111443
What are the prime factors of 20209?
7, 2887
List the prime factors of 62901.
3, 29, 241
List the prime factors of 4006.
2, 2003
List the prime factors of 331.
331
List the prime factors of 107555.
5, 7, 439
List the prime factors of 401.
401
List the prime factors of 1790.
2, 5, 179
List the prime factors of 51615.
3, 5, 31, 37
What are the prime factors of 4317?
3, 1439
What are the prime factors of 15744?
2, 3, 41
What are the prime factors of 51649?
13, 29, 137
What are the prime factors of 33574?
2, 16787
What are the prime factors of 198?
2, 3, 11
What are the prime factors of 736?
2, 23
What are the prime factors of 1158?
2, 3, 193
List the prime factors of 253.
11, 23
List the prime factors of 22070.
2, 5, 2207
What are the prime factors of 5913?
3, 73
List the prime factors of 5269.
11, 479
List the prime factors of 2883.
3, 31
List the prime factors of 88958.
2, 19, 2341
List the prime factors of 84.
2, 3, 7
What are the prime factors of 8922?
2, 3, 1487
List the prime factors of 14246.
2, 17, 419
List the prime factors of 78620.
2, 5, 3931
What are the prime factors of 168?
2, 3, 7
List the prime factors of 83.
83
What are the prime factors of 1118?
2, 13, 43
List the prime factors of 1219.
23, 53
List the prime factors of 49947.
3, 16649
List the prime factors of 12069.
3, 149
List the prime factors of 833.
7, 17
List the prime factors of 3568.
2, 223
What are the prime factors of 2338?
2, 7, 167
What are the prime factors of 15226?
2, 23, 331
What are the prime factors of 156283?
131, 1193
List the prime factors of 782.
2, 17, 23
List the prime factors of 3818.
2, 23, 83
What are the prime factors of 29791?
31
List the prime factors of 300.
2, 3, 5
What are the prime factors of 1559?
1559
List the prime factors of 15603.
3, 7, 743
What are the prime factors of 734?
2, 367
List the prime factors of 425.
5, 17
What are the prime factors of 2837?
2837
List the prime factors of 50888.
2, 6361
List the prime factors of 2209.
47
List the prime factors of 1076.
2, 269
List the prime factors of 4683.
3, 7, 223
What are the prime factors of 93491?
93491
List the prime factors of 5374.
2, 2687
What are the prime factors of 2415?
3, 5, 7, 23
What are the prime factors of 631?
631
List the prime factors of 5386.
2, 2693
What are the prime factors of 2784?
2, 3, 29
What are the prime factors of 2797?
2797
What are the prime factors of 217?
7, 31
What are the prime factors of 5364?
2, 3, 149
What are the prime factors of 805?
5, 7, 23
What are the prime factors of 81?
3
What are the prime factors of 56166?
2, 3, 11, 23, 37
What are the prime factors of 17078?
2, 8539
List the prime factors of 3795.
3, 5, 11, 23
List the prime factors of 777.
3, 7, 37
What are the prime factors of 1745?
5, 349
List the prime factors of 14308.
2, 7, 73
List the prime factors of 29002.
2, 17, 853
What are the prime factors of 13742?
2, 6871
What are the prime factors of 23940?
2, 3, 5, 7, 19
What are the prime factors of 17062?
2, 19, 449
List the prime factors of 384.
2, 3
List the prime factors of 745.
5, 149
What are the prime factors of 534?
2, 3, 89
List the prime factors of 34695.
3, 5, 257
What are the prime factors of 7205?
5, 11, 131
What are the prime factors of 85580?
2, 5, 11, 389
List the prime factors of 2153.
2153
List the prime factors of 1403.
23, 61
What are the prime factors of 43786?
2, 21893
List the prime factors of 3483.
3, 43
What are the prime factors of 4543?
7, 11, 59
What are the prime factors of 3706?
2, 17, 109
List the prime factors of 3756.
2, 3, 313
What are the prime factors of 20621?
17, 1213
List the prime factors of 366.
2, 3, 61
List the prime factors of 1285.
5, 257
List the prime factors of 47760.
2, 3, 5, 199
What are the prime factors of 1206?
2, 3, 67
What are the prime factors of 2766?
2, 3, 461
List the prime factors of 3255.
3, 5, 7, 31
List the prime factors of 1914.
2, 3, 11, 29
List the prime factors of 23945.
5, 4789
List the prime factors of 10625.
5, 17
List the prime factors of 1510.
2, 5, 151
List the prime factors of 1888.
2, 59
What are the prime factors of 5469?
3, 1823
List the prime factors of 39.
3, 13
What are the prime factors of 62449?
197, 317
What are the prime factors of 2017?
2017
List the prime factors of 868.
2, 7, 31
List the prime factors of 22644.
2, 3, 17, 37
List the prime factors of 323.
17, 19
List the prime factors of 896.
2, 7
List the prime factors of 8772.
2, 3, 17, 43
What are the prime factors of 617?
617
What are the prime factors of 31463?
73, 431
List the prime factors of 10830.
2, 3, 5, 19
What are the prime factors of 3987?
3, 443
List the prime factors of 17329.
13, 31, 43
What are the prime factors of 1179?
3, 131
List the prime factors of 2427.
3, 809
What are the prime factors of 27083?
7, 53, 73
What are the prime factors of 6326?
2, 3163
List the prime factors of 12142.
2, 13, 467
What are the prime factors of 2934?
2, 3, 163
What are the prime factors of 4136?
2, 11, 47
What are the prime factors of 8173?
11, 743
List the prime factors of 1225.
5, 7
List the prime factors of 115306.
2, 57653
List the prime factors of 85438.
2, 42719
What are the prime factors of 6588?
2, 3, 61
What are the prime factors of 8240?
2, 5, 103
What are the prime factors of 28132?
2, 13, 541
List the prime factors of 46737.
3, 577
What are the prime factors of 72?
2, 3
List the prime factors of 550.
2, 5, 11
What are the prime factors of 4833?
3, 179
List the prime factors of 1749.
3, 11, 53
List the prime factors of 63860.
2, 